71 and 9?
9
Calculate the greatest common factor of 11110 and 110.
110
Calculate the highest common divisor of 18 and 351.
9
What is the greatest common factor of 169 and 7033?
13
What is the highest common divisor of 5 and 1?
1
What is the greatest common factor of 221 and 65?
13
Calculate the highest common factor of 290 and 10.
10
What is the greatest common factor of 150 and 240?
30
Calculate the highest common divisor of 2128 and 16.
16
What is the greatest common divisor of 704 and 484?
44
What is the highest common factor of 1587 and 138?
69
Calculate the greatest common factor of 144 and 1408.
16
What is the highest common factor of 104 and 56?
8
What is the highest common factor of 22824 and 16?
8
What is the highest common divisor of 393 and 39?
3
What is the highest common factor of 832 and 1144?
104
What is the greatest common divisor of 54 and 1242?
54
Calculate the highest common factor of 732 and 9.
3
Calculate the highest common factor of 20 and 2110.
10
Calculate the greatest common factor of 640 and 40.
40
Calculate the greatest common divisor of 330 and 198.
66
Calculate the highest common divisor of 6 and 1641.
3
Calculate the greatest common factor of 86623 and 29.
29
Calculate the highest common divisor of 24 and 40.
8
What is the highest common divisor of 60 and 108?
12
Calculate the greatest common factor of 116 and 609.
29
What is the highest common factor of 148 and 256?
4
What is the highest common divisor of 186 and 24?
6
What is the greatest common factor of 369 and 1353?
123
What is the highest common divisor of 1961 and 222?
37
Calculate the greatest common divisor of 16 and 11776.
16
What is the highest common factor of 8550 and 2394?
342
Calculate the greatest common factor of 126 and 1800.
18
What is the greatest common factor of 2912 and 704?
32
Calculate the highest common divisor of 8396 and 16.
4
What is the highest common factor of 275 and 209?
11
What is the highest common factor of 15 and 55?
5
What is the greatest common divisor of 9125 and 219?
73
Calculate the highest common divisor of 372 and 12.
12
Calculate the highest common divisor of 528 and 3300.
132
Calculate the greatest common divisor of 294 and 7.
7
Calculate the greatest common divisor of 238 and 85.
17
Calculate the highest common divisor of 264 and 7854.
66
Calculate the greatest common factor of 69 and 943.
23
What is the greatest common divisor of 1050 and 15?
15
Calculate the greatest common factor of 2 and 43.
1
Calculate the greatest common factor of 77 and 119.
7
What is the greatest common factor of 57 and 12?
3
Calculate the greatest common divisor of 124 and 3751.
31
What is the highest common factor of 759 and 297?
33
What is the greatest common divisor of 33 and 495?
33
Calculate the highest common divisor of 77 and 11.
11
What is the highest common divisor of 16 and 5648?
16
What is the greatest common factor of 31 and 775?
31
Calculate the greatest common divisor of 42 and 2688.
42
What is the greatest common factor of 1 and 31?
1
Calculate the greatest common factor of 7 and 203.
7
Calculate the greatest common divisor of 57 and 912.
57
What is the greatest common divisor of 76 and 646?
38
Calculate the highest common factor of 285 and 750.
15
Calculate the highest common factor of 1536 and 80.
16
What is the highest common divisor of 7119 and 105?
21
What is the highest common factor of 91660 and 20?
20
What is the greatest common factor of 23 and 391?
23
Calculate the greatest common factor of 779 and 76.
19
What is the highest common divisor of 6 and 70?
2
What is the highest common factor of 67 and 1072?
67
What is the highest common divisor of 81 and 189?
27
Calculate the greatest common divisor of 57 and 437.
19
Calculate the greatest common factor of 49 and 4067.
49
What is the greatest common factor of 1026 and 162?
54
What is the greatest common factor of 14047 and 33?
11
Calculate the greatest common factor of 856 and 128.
8
Calculate the greatest common divisor of 13 and 13585.
13
Calculate the greatest common divisor of 1374 and 6.
6
Calculate the greatest common factor of 10 and 490.
10
What is the greatest common factor of 253 and 451?
11
Calculate the highest common factor of 68 and 1462.
34
What is the greatest common divisor of 174 and 30?
6
What is the highest common factor of 90 and 89190?
90
What is the highest common factor of 13243 and 57?
19
Calculate the greatest common factor of 17 and 2363.
17
What is the highest common divisor of 19 and 190?
19
What is the highest common divisor of 459 and 12?
3
Calculate the highest common factor of 21 and 308.
7
Calculate the highest common divisor of 8 and 40.
8
Calculate the greatest common divisor of 6384 and 42.
42
What is the greatest common factor of 639 and 1207?
71
Calculate the highest common factor of 735 and 560.
35
Calculate the highest common factor of 9768 and 66.
66
Calculate the highest common factor of 140 and 21.
7
Calculate the highest common factor of 27476 and 4.
4
Calculate the greatest common divisor of 637 and 13.
13
Calculate the greatest common divisor of 1404 and 104.
52
Calculate the greatest common divisor of 2104 and 8.
8
What is the highest common divisor of 182 and 448?
14
What is the greatest common divisor of 70 and 320?
10
Calculate the highest common factor of 161 and 56.
7
Calculate the greatest common divisor of 44 and 341.
11
Calculate the highest common factor of 140 and 3395.
35
What is the greatest common factor of 96 and 168?
24
Calculate the highest common divisor of 8 and 4616.
8
Calculate the greatest common divisor of 1548 and 576.
36
Calculate the highest common factor of 3922 and 742.
106
Calculate the highest common factor of 13 and 169.
13
Calculate the highest common factor of 315 and 558.
9
What is the highest common factor of 320 and 9580?
20
Calculate the greatest common factor of 187 and 1342.
11
What is the highest common factor of 964 and 8435?
241
Calculate the highest common factor of 12 and 33.
3
Calculate the greatest common divisor of 16 and 2160.
16
What is the greatest common factor of 2853 and 54?
9
Calculate the highest common divisor of 29 and 13108.
29
What is the highest common divisor of 4614 and 24?
6
What is the greatest common divisor of 105 and 280?
35
Calculate the highest common divisor of 2263 and 73.
73
What is the highest common divisor of 24035 and 19?
19
What is the highest common factor of 12395 and 1340?
335
What is the highest common factor of 25 and 800?
25
What is the highest common factor of 2436 and 24?
12
What is the greatest common factor of 80 and 5?
5
What is the highest common divisor of 216 and 8802?
54
Calculate the highest common divisor of 6498 and 54.
18
Calculate the greatest common factor of 3 and 66.
3
Calculate the greatest common divisor of 476 and 102.
34
What is the highest common factor of 72 and 984?
24
What is the greatest common factor of 1638 and 126?
126
Calculate the highest common divisor of 4 and 79.
1
Calculate the highest common factor of 235 and 893.
47
Calculate the highest common factor of 24 and 408.
24
Calculate the highest common divisor of 18 and 6.
6
Calculate the greatest common divisor of 10 and 1262.
2
Calculate the greatest common divisor of 86 and 26.
2
Calculate the greatest common divisor of 127 and 17.
1
What is the highest common factor of 742 and 212?
106
Calculate the greatest common divisor of 64 and 56.
8
What is the highest common factor of 5 and 19?
1
What is the greatest common divisor of 216 and 2304?
72
Calculate the highest common divisor of 88 and 572.
44
Calculate the greatest common factor of 10 and 405.
5
What is the highest common factor of 182 and 168?
14
What is the greatest common divisor of 58 and 609?
29
What is the greatest common factor of 341 and 22?
11
Calculate the greatest common factor of 46 and 207.
23
What is the highest common divisor of 2269 and 2?
1
What is the greatest common factor of 532 and 798?
266
What is the highest common divisor of 850 and 34?
34
Calculate the highest common factor of 2250 and 18.
18
What is the highest common divisor of 9 and 171?
9
Calculate the highest common factor of 299 and 1587.
23
Calculate the greatest common divisor of 848 and 96.
16
Calculate the greatest c